 2*a - 6. What is m(-5)?
-21
Let n(w) = 2*w + 4. What is n(5)?
14
Let i(w) = w**3 + 5*w**2 - 17*w - 11. What is i(-7)?
10
Let d(b) = -b**3 + 11*b**2 - 12*b + 14. Give d(10).
-6
Let p(i) = -13*i - 45. Give p(-4).
7
Let s(k) = k**3 + 15*k**2 + 13*k - 29. Calculate s(-14).
-15
Let b(q) = -q**3 - 16*q**2 - 4*q - 1. Calculate b(0).
-1
Let a(m) = 2*m - 1. Calculate a(-1).
-3
Let s(l) = 6*l + 17. Calculate s(-4).
-7
Let p(a) = -a + 3. Determine p(11).
-8
Let q(f) = f**2 - 9. Determine q(0).
-9
Let l(b) = -b. Calculate l(3).
-3
Let b(p) = p**3 + 12*p**2 + 9*p + 13. Give b(-11).
35
Let d(i) = 5*i**2 - 20*i - 4. Calculate d(3).
-19
Let d(u) = -9*u + 1. Determine d(2).
-17
Let g(u) = -9*u + 86. What is g(10)?
-4
Let s(w) = w**3 - 7*w**2 - w. What is s(7)?
-7
Let u(d) = d**2 - 9*d - 4. Give u(0).
-4
Let b(s) = s**2 + 5*s + 5. Determine b(-2).
-1
Let w(c) = 10*c + 21. Give w(0).
21
Let u(d) = 9*d**2 - 5*d + 3. Calculate u(1).
7
Let l(q) = -q**3 - 5*q**2 - 10*q - 55. Determine l(-4).
-31
Let g(j) = 21*j - 26. Determine g(1).
-5
Let d(b) = -b**3 - b**2 + b - 45. Calculate d(0).
-45
Let n(m) = 3*m + 24. Give n(-14).
-18
Let l(g) = g**3 - g**2 + g + 47. Determine l(0).
47
Let l(y) = -y**3 + 13*y + 18. What is l(-2)?
0
Let z(m) = m**2 + 12*m + 19. Give z(-5).
-16
Let x(l) = -l**3 + 2*l - 3. Determine x(3).
-24
Let o(z) = 7*z + 44. Calculate o(-8).
-12
Let w(y) = -y**3 + 5*y**2 - 5*y + 7. Give w(3).
10
Let r(j) = j**2 - 61*j - 402. What is r(-6)?
0
Let x(t) = -t**2 - 51*t + 59. Calculate x(-52).
7
Let o(c) = -c**3 - 13*c**2 - c - 11. Calculate o(-13).
2
Let x(m) = -7*m + 18. Calculate x(8).
-38
Let o(z) = -8*z + 4. Give o(4).
-28
Let a(r) = -r**2 - 10*r - 4. What is a(-9)?
5
Let j(p) = 9*p + 5. Calculate j(-3).
-22
Let g(m) = 3*m + 10. Calculate g(-4).
-2
Let n(z) = -z**2 - 5*z + 16. Give n(2).
2
Let b(r) = 16*r - 55. Give b(4).
9
Let t(n) = -2*n**2 - 24*n - 16. What is t(-12)?
-16
Let y(r) = -r + 97. What is y(35)?
62
Let b(v) = -4*v - 47. Determine b(-8).
-15
Let o(x) = x**3 + 5*x**2 + 5*x + 1. What is o(-4)?
-3
Let t(f) = 2*f**2 + 3*f + 1. Determine t(-2).
3
Let w(x) = x**3 + 2*x**2 - 33*x + 18. Calculate w(-7).
4
Let f(v) = 83*v**2 + 4*v - 4. Give f(1).
83
Let l(p) = -p**3 + 2*p**2 - 13*p + 22. Calculate l(3).
-26
Let f(b) = b**3 + 4*b**2 - 56*b - 101. What is f(-9)?
-2
Let l(s) = -2*s**2 - 3*s + 4. Give l(-5).
-31
Let x(b) = 22*b + 46. Calculate x(-6).
-86
Let r(c) = c**2 + 5*c + 3. What is r(-3)?
-3
Let c(k) = k**2 + 15*k + 4. Determine c(-13).
-22
Let v(m) = -5*m + 52. Calculate v(10).
2
Let n(y) = 21*y - 3. Determine n(3).
60
Let i(a) = -2*a**3 - 8*a**2 + 3*a + 12. Determine i(-4).
0
Let t(q) = 3*q**2 - 3*q - 2. Determine t(-2).
16
Let k(y) = 10*y**3 + y**2 - 2*y + 1. Give k(1).
10
Let c(z) = z**3 + 17*z**2 + 17*z + 18. Give c(-16).
2
Let j(a) = -a - 20. Give j(-21).
1
Let i(g) = g - 10. What is i(8)?
-2
Let y(w) = -w**3 + 11*w**2 - 29*w - 4. Determine y(6).
2
Let w(f) = f**3 + 6*f**2 - 4*f + 9. Give w(-7).
-12
Let l(c) = 7*c**3 - 4*c**2 + c + 3. Give l(2).
45
Let b(a) = 5*a + 53. Calculate b(0).
53
Let r(n) = -n + 7. Determine r(-3).
10
Let v(d) = d**2 + 12*d - 2. Give v(-12).
-2
Let m(b) = b**3 - 23*b**2 + 23*b - 25. Determine m(22).
-3
Let a(c) = c + 22. Give a(-17).
5
Let z(t) = 5*t - 3. What is z(-1)?
-8
Let k(c) = 14*c + 62. Calculate k(-4).
6
Let l(o) = o**2 - 5*o - 2. Give l(7).
12
Let i(p) = p**3 - 14*p**2 + 7*p + 20. Give i(13).
-58
Let b(a) = a**3 + 10*a**2 + 9*a + 1. What is b(-9)?
1
Let f(r) = r**3 - 5*r**2 + 5*r - 24. Calculate f(5).
1
Let g(z) = -14*z - 20. Give g(-2).
8
Let w(h) = 2*h - 1. Calculate w(5).
9
Let y(i) = i**3 - 34*i**2 + 7. Give y(34).
7
Let a(o) = o**2 - 15*o - 27. Determine a(13).
-53
Let b(v) = 8*v - 2. Calculate b(18).
142
Let k(x) = 2*x**2 - x - 12. Determine k(-3).
9
Let l(u) = -6*u - 72. Give l(-12).
0
Let y(x) = -23*x + 628. Determine y(27).
7
Let i(t) = t**2 - 29*t + 22. Determine i(28).
-6
Let c(a) = -18*a**2 - 2*a - 1. Give c(-1).
-17
Let a(z) = 2*z**2 + 131*z - 488. Give a(-69).
-5
Let w(r) = -r**3 - r**2 + 6*r - 14. Determine w(2).
-14
Let i(n) = n**3 + 5*n**2 - 8*n - 11. Give i(-6).
1
Let g(b) = b**3 - 16*b**2 - 21*b + 62. Calculate g(17).
-6
Let g(b) = -12*b + 6. Determine g(-2).
30
Let n(l) = -4*l + 11. Give n(5).
-9
Let r(o) = 7*o - 105. Determine r(6).
-63
Let w(q) = 3*q**3 - 66*q**2 - 69*q + 1. Calculate w(23).
1
Let x(b) = -95*b. Calculate x(1).
-95
Let c(j) = -j + 4. Determine c(5).
-1
Let k(w) = -w**3 + 19*w**2 + 20*w - 5. What is k(20)?
-5
Let f(y) = y**2 - 5*y + 26. Give f(0).
26
Let k(w) = 8*w**3 - w**2 + 2*w - 6. What is k(2)?
58
Let d(n) = 3*n**2 - 3*n - 3. Determine d(-4).
57
Let p(d) = -4*d**3 - 2*d + 1. What is p(-2)?
37
Let b(v) = v**3 - 7*v**2 - 4*v + 8. Determine b(6).
-52
Let j(c) = -3*c - 11. Calculate j(-8).
13
Let v(t) = t**3 - 5*t**2 - 14*t - 21. Give v(7).
-21
Let u(l) = -2*l**2 + 3*l + 2. What is u(-2)?
-12
Let p(x) = -34*x + 27. What is p(0)?
27
Let m(w) = -w**3 + w**2 - w + 54. Determine m(0).
54
Let l(r) = -r**3 - 8*r**2 + 7*r + 35. What is l(-8)?
-21
Let g(z) = -z**3 - 4*z**2 - 2*z - 2. Determine g(-5).
33
Let p(k) = -k**3 - 7*k**2 - 8*k - 6. Give p(-7).
50
Let g(d) = -5*d - 9. Give g(-1).
-4
Let b(n) = -n**3 - 13*n**2 + 8*n + 109. What is b(-13)?
5
Let i(s) = 2*s + 49. Determine i(-22).
5
Let l(c) = -c**2 + c + 10. Calculate l(0).
10
Let r(o) = o - 8. What is r(-10)?
-18
Let d(n) = 2*n**2 - 14*n + 2. What is d(7)?
2
Let s(t) = -t**3 + 10*t**2 + 11*t - 12. Calculate s(11).
-12
Let c(l) = -l**3 + 17*l**2 + 18*l - 6. Give c(18).
-6
Let q(h) = -h**3 + 8*h**2 - 8*h - 13. Determine q(6).
11
Let h(q) = q**2 + 17*q + 5. Calculate h(-8).
-67
Let c(j) = j**3 + 7*j**2 + 6*j - 2. Determine c(-6).
-2
Let c(b) = -2*b**3 - 2*b**2 + b. Give c(1).
-3
Let u(m) = m**3 + 2*m**2 - 22*m + 13. Determine u(-6).
1
Let b(k) = k**3 + 18*k**2 - 38*k + 22. Determine b(-20).
-18
Let w(z) = -z**2 - 8*z + 13. Determine w(-9).
4
Let t(d) = -d**2 - 24*d - 68. Give t(-21).
-5
Let j(u) = u**2 - 6*u + 3. Calculate j(0).
3
Let d(y) = 2*y + 11. What is d(-13)?
-15
Let b(y) = -y + 4. Determine b(6).
-2
Let n(p) = -p**3 + 10*p**2 - 10*p + 12. Calculate n(9).
3
Let c(x) = -x**3 + 16*x**2 + 14*x + 31. Calculate c(17).
-20
Let i(m) = m - 2. Determine i(2).
0
Let a(h) = 5*h**2 + 37*h + 17. Determine a(-6).
-25
Let u(r) = 2*r**2 + 2*r - 2. Give u(-2).
2
Let x(f) = -181*f - 354. Give x(-2).
8
Let g(s) = 3*s + 46. Calculate g(-16).
-2
Let s(q) = -q**3 + 7*q**2 + 10*q - 6. Calculate s(8).
10
Let w(n) = 2*n**3 - 21*n**2 + 9*n + 5. Determine w(10).
-5
Let i(z) = -16*z - 201. Calculate i(0).
-201
Let g(r) = -r**3 + 2*r**2 - 2*r - 103. Determine g(0).
-103
Let z(a) = -4*a + 43. Calculate z(10).
3
Let m(z) = -z**3 + 20*z**2 + 42*z + 48. Give m(22).
4
Let f(y) = -y**2 + 14*y - 74. Calculate f(9).
-29
Let z(y) = y**2 - 7*y + 4. What is z(6)?
-2
Let c(w) = 2*w**3 - 2*w**2 - 2*w - 2. Determine c(3).
28
Let k(v) = v**2 - 7*v - 5. Determine k(8).
3
Let x(s) = 3*s**2 + 4*s - 2. Calculate x(-4).
30
Let y(p) = p - 3. Give y(5).
2
Let t(z) = -z - 1. Determine t(7).
-8
Let r(c) = -c**3 + 3*c**2 + 9*c + 2. Calculate r(5).
-3
Let m(y) = -y + 4. Calculate m(8).
-4
Let p(l) = 28*l - 12. Determine p(3).
72
Let s(b) = -b**2 + 8*b + 12. Determine s(-3).
-21
Let y(j) = -2*j**3 + 4*j**2 + j + 8. What is y(3)?
-7
Let t(d) = -d**3 + 10*d**2 - 8*d + 2. Determine t(10).
-78
Let f(k) = -k**3 + 7*k**2 - 19*k + 35. Determine f(5).
-10
Let w(v) = v**3 - 7*v**2 - 3*v - 3. What is w(7)?
-24
Let s(q) = -74*q + 3. Give s(-1).
77
Let d(b) = -b**3 - 30*b**2 - 30*b - 27. Determine d(-29).
2
Let n(r) = -r**2 + 12*r + 15. Determine n(11).
26
Let x(k) = -k**3 + 5*k**2 + 3*k - 5. Give x(4).
23
Let r(h) = -h**3 - 18*h**2 - 68*h - 43. Calculate r(-13).
-4
Let s(n) = -3*n**2 - 201*n + 208. Determine s(-68).
4
Let n(v) = v + 20. Give n(-8).
12
Let t(h) = -2*h**3 + 15*h**2 - 5*h - 4. What is t(7)?
10
Let s(t) = -t - 35. What is s(-24)?
-11
Let g(u) = -2*u**3 - 9*u**2 - 26. What is g(-5)?
-1
Let g(q) = q**2 - 11*q + 26. Determine g(8).
2
Let j(u) = -u - 19. Calculate j(-16).
-3
Let l(x) = -4*x**2 + 4*x - 5. Determine l(-2).
-29
Let l(n) = -12*n + 561. Give l(47).
-3
Let h(j) = 18*j + 221. Determine h(-12).
5
Let c(f) = -2*f - 15. Give c(-3).
-9
Let q(l) = l**3 - 4*l**2 + 2